n factor of v and 71.
71
Let f(k) = -5*k - 4*k**2 + 16*k + 6 + k - 37 + 3*k**2. Let a be f(8). Calculate the greatest common divisor of 16 and a.
1
Let m(t) = -37*t + 567. Let d be m(-3). What is the greatest common divisor of d and 27?
3
Suppose -2*g - 2 = 0, -10*g + 6*g = -2*k + 564. Let u be 54*-15*(-168)/k. Calculate the highest common divisor of u and 36.
18
Suppose 290*f = 104*f + 7812. Calculate the greatest common factor of f and 3262.
14
Let t = -964 - -964. Suppose -12*b + 48 = -t*b. Let d(h) = -h**3 + 3*h**2 + 7*h - 6. Let m be d(4). What is the greatest common factor of b and m?
2
Let n be ((-86700)/680)/((-2)/4). Calculate the greatest common factor of n and 5457.
51
Suppose s + s + z = 63, -5*z - 93 = -2*s. Suppose -s*o = -36*o - 8. Let j(i) = -7*i - 22. Let t be j(o). Calculate the highest common factor of t and 39.
3
Let h be -2 - (-143)/(-429)*(-5196)/2. Calculate the highest common divisor of 176 and h.
16
Let h = -10 - 5. Let z be ((-27)/h)/(3/15). Let j be (-5 - (3 + -4))*-9*2. Calculate the greatest common factor of z and j.
9
Let l(w) = w**3 - 3*w**2 + 7*w - 19. Let c be l(8). Let s = c - 329. What is the highest common factor of s and 7?
7
Suppose 99*r = 94*r + 15. Suppose 482 = 5*n + 347. Calculate the highest common factor of r and n.
3
Let z(d) = d. Let g be z(0). Suppose -15*w + 28 + 47 = g. Suppose -w*f - 8*o = -13*o - 385, -2*f - o = -139. What is the greatest common factor of f and 9?
9
Let o(j) = 9*j**2 - 6. Let n be o(-2). Let m = -22 + n. Let f = m + 16. Calculate the greatest common divisor of 264 and f.
24
Suppose -5*s - 5*q + 39 = 4, -2*s + 3*q = 11. Suppose 21 = -2*l - 5*h + 9, -24 = -5*l + h. What is the greatest common divisor of s and l?
2
Suppose 3*p - 5 = -50. Let z be (0 + 6)/((-6)/p). Let b = -40640 - -40646. What is the highest common divisor of b and z?
3
Suppose 2*s = -3*w + 438, -s + w = -4 - 210. Suppose 11*b = 29*b - s. Calculate the greatest common factor of b and 132.
12
Let l(a) = -56*a - 91. Let n be l(-5). Let k = 234 - n. Calculate the highest common factor of k and 5.
5
Suppose 5*c + 74 = -4*a + 12, -3*c - 33 = a. Let s(o) = 8*o. Let i be s(3). Let d = i + c. What is the highest common divisor of 126 and d?
14
Let g be (2 - -2)*(18*-1 + 5). Let r be (g - 8)*12/(-15). Let o = 39 + -3. What is the greatest common factor of r and o?
12
Let l be ((-116400)/(-6208))/(14/(-16) + 1). What is the greatest common divisor of l and 4425?
75
Suppose -213 + 843 = -3*w. Let u be (-6)/14 - 13740/w. Calculate the highest common factor of 15 and u.
5
Suppose 0 = 2*k - 0*k - 18. Let x = -157 + 171. Suppose -130 - x = -4*w. Calculate the greatest common factor of k and w.
9
Let z be 8896*((-51)/(-2) + -24). Calculate the greatest common divisor of z and 96.
96
Let b = -150 - -154. Let g(v) = v**2 - 4*v + 1. Let d be g(b). Let w be 1*2*14/4. Calculate the greatest common factor of d and w.
1
Let b(i) = -i**2 - 15*i + 434. Let z be b(10). Let x be (-6)/(-4)*100/15. Let j(d) = 5*d - 4. Let q be j(x). Calculate the highest common factor of z and q.
46
Let i(m) = -3*m - 21. Let b(g) = 6*g - 1. Let z be b(-1). Let r be i(z). Suppose -f - 5*f + 72 = r. What is the greatest common divisor of 6 and f?
6
Suppose 2*r + 3*r = v + 494, 4*r - 401 = -5*v. Suppose -18*l = -1383 - 993. What is the greatest common divisor of l and r?
33
Let z = 38674 - 26420. Calculate the highest common factor of z and 22.
22
Let t = 192 - 60. Let k = 44 - 41. Let d be 2/(0 + (k/18 - 0)). What is the greatest common divisor of t and d?
12
Suppose -4*g + 671 = -5*d, 2*d + 701 = 4*g + 39. Calculate the greatest common factor of g and 5740.
164
Let c be 38/14 - (-15)/(735/14). Let k(a) = -3*a**3 + 9*a**2 + 2*a - 2. Let n be k(c). Calculate the highest common factor of n and 5.
1
Suppose -140 = -3*m - 4*q + 116, 0 = -2*m - 4*q + 176. Let u be -180*(-10 - -9 - (-4)/6). What is the greatest common factor of m and u?
20
Let y = 224123 + -224089. Let n(w) = -w**2 - w. Let f be n(-1). Suppose k + 4*u - 82 = -k, f = 5*k - 2*u - 265. Calculate the greatest common factor of k and y.
17
Suppose 246543 = 4*a - 5*x, -35*a + 308145 = -30*a + 5*x. Calculate the highest common divisor of a and 16.
16
Suppose -16*s + 11*s = -90. Suppose -s*n + n = -2805. Let v = n - 105. What is the greatest common divisor of v and 12?
12
Let t be 14284/70 + 596/(-10430). Calculate the highest common factor of t and 1734.
102
Let x be 78/9*(-30)/20. Let a(b) = -b**2 - 13*b + 10. Let y be a(x). Calculate the greatest common factor of 145 and y.
5
Let g be 64*(-190)/(-608)*8. Suppose -16 = -v - 0*v. Let n = v - -4. Calculate the greatest common factor of n and g.
20
Let x(t) be the first derivative of 7/3*t**3 + 22 + 15*t - 1/4*t**4 - 5/2*t**2. Let a be x(5). Calculate the highest common divisor of a and 5.
5
Suppose 4*a = -h + 2496, 0 = 3*a - 5*a - h + 1246. What is the highest common factor of a and 50?
25
Suppose -22*z + 72*z - 17866 + 266 = 0. What is the highest common factor of z and 550?
22
Let x = -17 + 21. Suppose x*z = 5*r - 4*r + 502, -3*z = 4*r - 386. Suppose 11*v = 243 - 89. Calculate the greatest common divisor of z and v.
14
Let s(z) = -26*z + 13. Let o be s(11). Let j = -224 - o. Calculate the greatest common factor of 14 and j.
7
Suppose -2*t + 5041 = 3*p + 5044, -2*p = -t - 19. What is the greatest common factor of 3415 and p?
5
Suppose -23707 = 117*j - 157555. What is the greatest common divisor of 663 and j?
13
Let m(r) = 2*r + 494. Let j be m(32). Calculate the highest common divisor of 36 and j.
18
Suppose 0 = 5*y + b - 3743, -189*y - 3785 = -194*y + 5*b. What is the greatest common factor of 18 and y?
6
Let z(s) = -93*s + 2022. Let y be z(20). Suppose -2*o + 6*o = 144. Calculate the highest common factor of o and y.
18
Suppose -4*l + 4*g + 24 = 0, 5*l + 2 = -2*g + 11. Suppose -h - 122 = 3*a, -2*a - l*h = 3*a + 198. Let p = a + 75. What is the highest common factor of 77 and p?
11
Suppose 5*p - 2*g = 129 + 74, 0 = -2*p - g + 92. Calculate the greatest common divisor of 25327 and p.
43
Let d be 195/((-2)/((-8)/6)). Suppose 4 = 2*v - 4*j, 30*v - 33*v + j = -26. What is the greatest common divisor of d and v?
10
Let p(a) be the first derivative of a**3/3 - 5*a**2/2 - 3*a + 8. Let x be p(5). Let d be (4/x - -1)*-3. What is the highest common factor of 1 and d?
1
Let h be 112 + -108 + (-41996)/(-1). What is the highest common factor of h and 21?
21
Let d(m) = -10*m + 15. Let o be d(13). Let y = 133 + o. Let k be 10/(-5)*y*6/(-4). What is the greatest common divisor of 18 and k?
18
Suppose -5*o = m - 3*o + 173, 2*o = -3*m - 503. Let w be (-45)/(-2 + -3) + 6. Let z be (w/(-45))/(1/m). Calculate the highest common divisor of z and 55.
55
Suppose 127*l - 28080 = 10*l. Calculate the greatest common divisor of 210 and l.
30
Let b be (6 - (-10 - -8)) + 246 + -2. What is the highest common divisor of 6846 and b?
42
Let y be (-4)/(-58) + (-46052314)/(-3857). Calculate the highest common divisor of y and 24.
12
Let u(n) = -15*n + 164. Let l be u(10). What is the greatest common factor of 3346 and l?
14
Let i(j) = 2*j**2 + 4*j - 7. Let t be -1*(-1)/(-1) - -13. Let f be (48/t)/((-2)/5*1). Let m be i(f). What is the greatest common factor of 17 and m?
17
Suppose 3*j - 67 - 11 = 0. Let x = 32952 + -32950. What is the highest common factor of x and j?
2
Let k = -85 - -85. Let g be k/2 + 12/6. Let o = 5 - -9. What is the highest common divisor of g and o?
2
Suppose -89*v + 84*v + 41 = b, 4*v - 13 = b. Calculate the greatest common factor of 7601 and b.
11
Suppose 6*y = 9*y + 453. Let x = y + 152. Let b be (((-4)/(-6))/x)/(3/90). What is the highest common factor of b and 260?
20
Suppose 3*g - 3*y - y = 208, y = 2*g - 137. Suppose 0 = 5*q + 5*m - 155, 0 = 2*q + m + 8 - g. Calculate the greatest common factor of q and 319.
29
Let d = 233 + -119. Suppose -3*i = -3*c + 9, -4*i + 0*i - 2*c = -12. Let h be (-612)/(-8) + i/(-2). What is the highest common divisor of d and h?
38
Suppose -5*s + 5 = -345. Let x = 88 + -63. Suppose -7*l + 45 = -x. What is the highest common divisor of l and s?
10
Let u = 16 + -10. Suppose -u*y = -224 + 14. Calculate the highest common factor of y and 7.
7
Suppose 0 = -2*o + 5*t + 1386, 699 = 30*o - 29*o - t. Calculate the greatest common divisor of